- r. What is the greatest common factor of 22 and k?
11
Let s(o) = -3*o**3 - 3*o**2 - 3*o - 3. Let k be s(-2). What is the greatest common factor of k and 120?
15
Let c = -3 + 5. Suppose -9 = -n - 4*k, 0 = 3*n - 3*k - 0*k - 12. Suppose n*o - 130 = 2*h, -3*o - c*h + 90 = -4. What is the highest common divisor of 7 and o?
7
Let k be (70 - -2)/2 - 2. Let p = k - 19. Let s(f) = f**3 + 12*f**2 - 14*f + 2. Let d be s(-13). What is the greatest common divisor of p and d?
15
Let n(h) = -h - 1. Let s(w) = -2 - 1 + 2. Let a(q) = -7*n(q) + 6*s(q). Let u be a(1). What is the highest common factor of u and 24?
8
Let q be (-2)/(-3*(-8)/(-300)*5). What is the greatest common factor of 1 and q?
1
Let d(y) = 71*y + 1. Let q be d(1). Let t be (q/(-21))/((-10)/105). Calculate the greatest common factor of 9 and t.
9
Suppose 0 = -29*h + 40*h - 110. Let t(q) = -q**3 - 3*q**2 + 4*q + 2. Let p be t(-4). Let w be 79/p + (-2)/(-4). What is the highest common divisor of w and h?
10
Suppose 2*j + 3*l - 16 = 0, 0 = -j - j + 4*l + 2. Let f be -3 + (j - (6 - 3)). Let o be f - (1 - (17 + -3)). What is the highest common factor of o and 30?
6
Let x(j) = j + 1. Let y be x(1). Let u be 1*2 - 40/(-2). What is the highest common divisor of y and u?
2
Suppose 39 = 4*q - 49. Let f(y) = 51*y + 1. Let t be f(3). What is the greatest common divisor of t and q?
22
Suppose -s + 5*q - 35 = -2*s, -s + 29 = 2*q. Let p(d) = -27*d - 10. Let h be p(-5). Calculate the greatest common factor of s and h.
25
Let t = -20 - -23. Suppose -z + 0*z = -5, 5*z - 20 = 5*n. What is the greatest common divisor of n and t?
1
Suppose 2*x - 21 = 5*y, -3*x - 4*y = -0*y - 66. Let w = x + 17. Suppose 23 = r - 3*u, -r + 57 = 2*r - 5*u. What is the greatest common factor of r and w?
7
Let o(n) = 10*n**3 - n. Let k be o(1). Let f = 17 - k. What is the highest common divisor of f and 8?
8
Suppose 3*f = 45 + 12. Calculate the highest common factor of 19 and f.
19
Let p(d) = 9*d - 92. Let h be p(25). Let z(s) = 18*s**3 + 2*s - 1. Let x be z(1). What is the highest common factor of h and x?
19
Let m = 156 - 51. Suppose -3*u + 41 = 3*l + l, -3*u + l + 46 = 0. Calculate the greatest common factor of m and u.
15
Let m(c) = 13*c**2 - 8*c - 6. Let t be m(-3). What is the greatest common factor of t and 9?
9
Suppose 2*k - 3*k + 1 = 0, 506 = 3*y + 2*k. What is the highest common factor of 21 and y?
21
Let s(j) = j + 3. Let z be s(5). Suppose 8 = p + 4*n, 4*n - z = 6*p - p. Suppose -2*l + l + 6 = p. Calculate the greatest common divisor of 6 and l.
6
Suppose s = b + 23, 0 = -4*s + 2*s - b + 34. Suppose -2*k + 15 = -137. What is the highest common divisor of k and s?
19
Let b = 9 + -1. Let t = -7 - 13. Let a = b - t. Calculate the greatest common factor of 4 and a.
4
Let o(c) = c**2 - 6*c + 4. Let b be o(5). Let m be 1*-1*(0 + b). Suppose -2*f + 5*i - 6 = -40, 5*i - m = -3*f. What is the greatest common divisor of f and 21?
7
Let c = 8 - 29. Let q = -29 - c. Let j = 14 + q. What is the greatest common factor of 15 and j?
3
Let i be 15 - 0 - (0 + -1). Let z be 1726/3 - 6/(-9). Suppose -z = -5*c + c. Calculate the greatest common factor of i and c.
16
Suppose 2*n - 1 - 5 = 0. Let b be n/(-6) + 14/(-4). Let o be (18/b)/(9/(-24)). Calculate the greatest common divisor of o and 6.
6
Suppose -5*w + 2*u + 15 = 0, -3*w = 2*u - 3*u - 9. What is the highest common divisor of w and 27?
3
Suppose 7*u = 2*u - 25. Let d(t) = t**3 + 3*t**2 - 12*t - 9. Let k be d(u). What is the greatest common factor of 8 and k?
1
Suppose 3*h = 5*x + 9 - 3, 0 = -3*x. What is the highest common factor of h and 2?
2
Let a = 127 + -67. What is the highest common factor of 30 and a?
30
Let p = 0 + 1. Let x(g) = g**2 + 9*g + 12. Let m be x(-9). Let j = m + p. What is the highest common divisor of 91 and j?
13
Suppose 0 = -4*v + 8, 0*w - 2 = 2*w - 5*v. What is the greatest common divisor of 1 and w?
1
Let v(c) = 6*c**2 + 4*c + 5. Let p be v(5). Suppose -3*y = -56 - p. What is the greatest common divisor of 7 and y?
7
Suppose v + d - 7 = -2*v, -4*d = 4*v - 12. Suppose -4*z - 3*q = 2*q + 32, 5*z - 4*q = -81. Let n = z + 19. Calculate the highest common divisor of n and v.
2
Let m = 57 + -46. Calculate the greatest common factor of 33 and m.
11
Let p be 0 + 0 + 19 + 0. Let k be -4 + 4 + 41 + -3. Calculate the greatest common factor of p and k.
19
Suppose 6*k - 96 = 4*k. Calculate the greatest common divisor of k and 6.
6
Let o(y) = y**3 - y + 3. Let k be o(0). Let s be 1/(-2) + k/6. Suppose -g - 5*d = 0, -8 = -g - 3*d - s. What is the highest common divisor of 8 and g?
4
Let y be (2/(-4))/((-2)/76). Let z = 130 - 35. What is the highest common divisor of z and y?
19
Let o(m) = 2*m**3 - 2*m**2 + m + 1. Let y be o(2). What is the greatest common divisor of 99 and y?
11
Suppose -2*j + 8 = -2*m, -j - 3*m + 16 = -7*m. Let p = j - -6. Let x be 16/p*(-1 + 7). Calculate the highest common divisor of 16 and x.
16
Suppose -13 = -u + 2*m + 2*m, -3 = -u - m. Suppose u*y - 4 = 6. Suppose -y*d - 2*d = -40. Calculate the highest common factor of d and 2.
2
Let a = -12 - -14. Suppose a*s = 8 + 18. Calculate the greatest common divisor of 65 and s.
13
Let g = -2 - -20. Suppose 0 = -6*c + 3*c - l + 50, 4*c + 4*l - 56 = 0. What is the highest common divisor of c and g?
18
Let t be (-8)/20 + (-104)/(-10). What is the highest common factor of t and 50?
10
Suppose 0 = -12*j + 4*j + 936. Suppose 4*w = 45 + 7. Calculate the greatest common factor of j and w.
13
Let f = 241 - 78. Let t = f - 98. Let u = 101 - t. What is the highest common factor of 12 and u?
12
Suppose 0 = y - 5*y + 24. Suppose -y*n = -n - 105. Suppose -4*r - 46 = -2*g + 2, 3*g - 5*r - 67 = 0. Calculate the greatest common divisor of g and n.
7
Let s(v) = -v + 6*v + 2*v. Let y be s(3). Suppose 0 = -4*q + 133 + 539. Calculate the greatest common divisor of q and y.
21
Suppose -z + 32 = z. Suppose 0 = 2*m - 46 - 34. Calculate the greatest common divisor of m and z.
8
Suppose -2*y + 0*y = -i - 8, -5*i + 12 = 3*y. Let n(h) = 28 - h**2 + y*h - 5*h + 16 + h**3. Let o be n(0). What is the highest common divisor of 4 and o?
4
Let k be (1 - -7) + 2 + -2. Let m(v) = 28*v + 4. Let b be m(3). Calculate the greatest common factor of k and b.
8
Let i be (4/6)/(1/87). Let p be (-12)/54 + i/18. Suppose -3*o - o = -3*f + 195, -2*f + p*o = -129. What is the greatest common factor of f and 23?
23
Suppose -19 = -3*u + 5*k + 19, u = -4*k + 24. What is the greatest common factor of 40 and u?
8
Let w be (3/2 - -1)*4. Let j be (4/3)/(8/60). Calculate the greatest common factor of j and w.
10
Let n be (-41 - 0)*-1 - 1. Let j = n - 23. Calculate the greatest common divisor of j and 17.
17
Let w = 16 - 8. Suppose 2*o + 3*a + a - w = 0, -4*a + 14 = -o. Let p be (-2744)/(-36) + o/9. What is the highest common factor of p and 19?
19
Let m(f) = 2*f - 16. Let w be m(-11). Let h = -16 - w. Suppose 7*r - 2*r - 550 = 0. What is the greatest common factor of h and r?
22
Suppose -4 = x - 2*u, -2*x = 3*x - 4*u - 4. Suppose 160 = p + x*p. Calculate the highest common divisor of 80 and p.
16
Let y(b) = -89*b - 16. Let g(n) = -45*n - 8. Let w(s) = 5*g(s) - 3*y(s). Let x be w(4). Calculate the greatest common factor of x and 22.
22
Let h(x) = x**3 - 2*x**2 + 2*x + 1. Let v be h(2). Suppose -81 = -3*b + 5*p, 3*p + 121 = v*b + 2. What is the highest common divisor of 33 and b?
11
Let n be (-99)/(-6) + (-1)/2. Calculate the highest common divisor of n and 128.
16
Suppose 5*b + 3*u = -0*u + 115, -2*u = 5*b - 110. Let t = b - 11. Suppose t = -s + 22. What is the highest common factor of s and 52?
13
Suppose -2*u = u - 54. Calculate the highest common divisor of 18 and u.
18
Let t(c) = 3*c**3 - 3*c**2 - c - 1. Let p be t(3). Let s be (p/6)/(1/3). Suppose i - 35 = s. Calculate the highest common divisor of 40 and i.
20
Suppose z + i = -0*z + 30, 5*i - 30 = -z. What is the greatest common factor of 12 and z?
6
Let p(g) = 2*g**2 - 2*g + 1. Let h be p(1). Let t be h + 2 - (-107)/1. What is the greatest common factor of 22 and t?
22
Let z be 1 + -8 - (2 - 5). Let d be z + (-4 - -11) + 2. Calculate the highest common divisor of 30 and d.
5
Let b(s) = s**2 - s + 16. Let r be b(-7). Calculate the greatest common factor of 9 and r.
9
Let d be -3 + 47*(0 - 2). Let l = -46 - d.